.
12
Let a = -8460 - -8473. Calculate the greatest common divisor of a and 3328.
13
Suppose 0 = -14*v + 19*v + 25. Let k be 3 + 2 + 1 - v. Let l(o) = -o**3 + 6*o**2 - 5*o + 1. Let f be l(5). Calculate the highest common factor of f and k.
1
Let n(i) = -79*i - 186. Let z be n(-38). Suppose -35*p = -24*p - z. What is the greatest common divisor of 8 and p?
8
Suppose 73*h = -88*h + 805. Let a be (3 - -3)/(-3) + 16. Suppose -2*q - i + 3*i = -a, -3 = q + 4*i. Calculate the highest common divisor of q and h.
5
Let x be (-4)/(-16) + 130/(-8). Let j(l) = -5*l + 41. Let n be j(8). Let z be x*(n + 25/(-10)). Calculate the highest common factor of 72 and z.
24
Suppose -31 = -6*j + 425. Calculate the greatest common factor of j and 950.
38
Suppose 0 = -47*d + 45*d + 1512. Let g = d - 742. Suppose -56 = -s - 3*s. Calculate the highest common factor of g and s.
14
Suppose q - 4*x = 44, 4*q - 30*x + 31*x = 244. Calculate the highest common factor of q and 612.
12
Suppose -121*q = -120*q + 217. Let f = q - -677. Calculate the greatest common factor of 40 and f.
20
Let x(y) = y - 27. Let b be x(12). Let q = 22 + b. Let t = -3 + q. Calculate the greatest common factor of 6 and t.
2
Let k(w) = w + 187. Let d be k(-27). Suppose 3*c = 2*c + 32. Calculate the greatest common divisor of c and d.
32
Let n(p) = p**2 + p + 113. Let l be n(0). Let a = -200 + 114. Let z = a + l. What is the greatest common factor of 9 and z?
9
Let v = 4 + 3. Suppose 377 = v*b - 169. Suppose 0 = f + 3*k - 198, 4*f - 785 = -10*k + 5*k. What is the highest common divisor of f and b?
39
Suppose 0 = -2*p + 89 + 55. Let u = -236 + 272. What is the highest common factor of p and u?
36
Let r(p) = 18*p - 14*p**2 + 24*p + 3*p**2 - 25*p + p**3 - 43. Let d be r(11). What is the highest common divisor of d and 9?
9
Suppose -3*m - y - y = -1780, -3*y + 591 = m. Let s(p) = 76*p - 6546. Let r be s(87). What is the greatest common divisor of r and m?
66
Let w(z) = -z**2 + 2*z + 13. Let s be w(6). Let i = s + 11. Suppose 2*k + 4*q - 56 = i, q - 32 - 101 = -4*k. Calculate the highest common divisor of 136 and k.
34
Let h(p) be the second derivative of -p**4/12 + 2*p**3/3 + 18*p**2 + 2*p - 23. Let u be h(7). Calculate the highest common factor of 60 and u.
15
Let d = 1449 - 1435. Let x(a) = -a + 4. Let r be x(2). Let i be (13 - -519)*1/r. Calculate the greatest common factor of d and i.
14
Let b(r) = -r**3 + r**2 - r + 104. Let m be b(0). Let w be -9*(10/(-6) + 1)*1492/1119. Calculate the highest common divisor of m and w.
8
Let f be (7 - -9)/(1 - (2 + -3)). Suppose -f*p = -5*p - 90. Let l be 46 - 1/((-1)/(-1)). Calculate the greatest common divisor of p and l.
15
Suppose 4*b - 14*v - 17 = -15*v, -3 = -2*b + 5*v. Suppose 0*r - 2*r = 5*n - 29, 0 = -5*r - b*n + 30. What is the highest common divisor of 46 and r?
2
Let b(g) = -35*g - 4956. Let q be b(-149). Let s(o) = o**3 + 9*o**2 + o - 2. Let v be s(-4). What is the greatest common divisor of v and q?
37
Let u be ((-32)/(-24))/((-3)/9). Let f be 116/(u/(-12)*-3). Let a = f + 211. Calculate the highest common divisor of a and 38.
19
Suppose 4*d - 6*d + 207 = c, 4*d = 4*c + 396. Suppose 3*g = 438*g - 3284 - 11506. What is the greatest common divisor of d and g?
34
Let j(o) = 36*o + 53. Let u be j(6). Let h = u - 265. Calculate the highest common divisor of 76 and h.
4
Let w(z) = -67*z**3 + 3*z**2 - 5*z + 50. Let j be w(-6). Calculate the highest common factor of 40 and j.
20
Let s = -2596 - -2752. What is the greatest common divisor of 247 and s?
13
Let n(r) = r**2 - 5*r - 396. Let y be n(24). Calculate the greatest common divisor of 1460 and y.
20
Suppose 1127*r - 48 = 1133*r. Let k be 1 + r - (-75)/5. Calculate the highest common factor of k and 8.
8
Let g(h) = 27*h**2 - 18*h. Let j be g(10). Suppose 56*d - 51*d - j = 0. Calculate the greatest common divisor of 14 and d.
14
Suppose 0 = -4*s - 12, -2*t = -5*s - 14 - 91. What is the highest common divisor of t and 75?
15
Suppose 4*b + 624 + 3567 = 5*c, -c - 2*b + 827 = 0. Calculate the greatest common factor of 5 and c.
5
Let a be (-30)/60*23*-8. Let p = -61 + a. Suppose 0 = -3*l + b + 91, -4*l + 0*l + 3*b + 118 = 0. Calculate the highest common divisor of p and l.
31
Let n = 1388 - 1368. Calculate the greatest common factor of n and 4340.
20
Let p = -3146 + 3167. What is the greatest common factor of 1358 and p?
7
Suppose -3*g - 6340 = -2*r - 1006, 5358 = 2*r + 3*g. What is the greatest common factor of r and 486?
243
Let t(b) = 7*b + 18. Let i(l) = -7*l - 18. Let z(v) = -5*i(v) - 6*t(v). Let n be z(-4). Let j = -79 + 119. Calculate the greatest common divisor of j and n.
10
Suppose 2*a = -5*a. Suppose a = -b + 2, 0 = 3*t + 3*b - 5*b - 8. What is the greatest common divisor of t and 4?
4
Let i(q) = q**3 - 6*q**2 + 15*q - 27. Let r = -86 + 92. Let j be i(r). What is the greatest common factor of 27 and j?
9
Suppose -720 = -i - 4*b + 1148, 1853 = i - b. What is the highest common divisor of 29 and i?
29
Let g be 1246134/289 - -5*((-860)/(-425) - 2). What is the highest common divisor of g and 176?
88
Let w be 200 + (7 - (-4)/(16/(-12))). Let z be 10/55 - w/33. Let r be (-50)/z + (-9)/27. What is the greatest common factor of r and 8?
8
Let z be (-1 - 21/(-6))/((-70)/(-168)). Calculate the highest common factor of z and 9.
3
Let u = -5 + 11. Let v(y) = -4*y**2 - 2*y**3 + y - 29 + y**3 + 36. Let a be v(-4). Calculate the greatest common factor of a and u.
3
Let w = -10005 - -10220. What is the highest common factor of 355 and w?
5
Let c(n) = 8*n**2 + 41*n + 422. Let w be c(-20). Calculate the highest common divisor of 6 and w.
6
Suppose 114 = -4*j + 2*a, 31*j - 4*a - 102 = 34*j. Let l(z) = -15*z - 275. Let q be l(j). What is the greatest common divisor of q and 105?
35
Let c(r) = r**2 - r + 8. Let q be c(3). Suppose 0 = 62*f - 76*f + q. Calculate the greatest common factor of 1 and f.
1
Let m be (-15 + (-585)/(-27))*39/2. Calculate the highest common factor of m and 290.
10
Let f(p) = -p**2 + 12*p + 123. Let k be f(-10). Let o = k + 106. What is the highest common divisor of 324 and o?
9
Let i(x) = 5174*x + 5212. Let b be i(-1). Let v = -6 - -8. Calculate the greatest common divisor of b and v.
2
Let j be 11 - (-583)/(-55) - 12283/(-5). Suppose 53*p = -10*p + j. What is the highest common divisor of 78 and p?
39
Let a = -21224 - -21234. What is the greatest common divisor of a and 26?
2
Let m(p) = 106*p - 1583. Let w be m(15). Let c(a) = 22*a**2 - 5*a + 6. Let b be c(3). Calculate the highest common factor of w and b.
7
Suppose 3*r = 5*w + 132, -2*w + 163 = 5*r - 57. Let g = -28 + 42. Suppose -g*j + 36 = -20. What is the highest common divisor of j and r?
4
Let d be -815*(12 + (-186)/15) - 2. Suppose 6*z - 5*z = 4*b - 48, -3*b - 3*z + 36 = 0. What is the highest common factor of b and d?
12
Let n = 116 + -95. Suppose 4*a = z + z + 6, -4*a + n = 3*z. Suppose 5*i - 9 - 36 = 0. Calculate the greatest common factor of a and i.
3
Suppose -1059 - 89 = -7*l. Let z = 493 + l. Let p be (-12)/30 + -1 + z/5. Calculate the greatest common divisor of p and 10.
10
Let i(j) = 2*j**3 - 36*j**2 - 22*j - 52. Let s be i(21). What is the greatest common factor of 364 and s?
52
Suppose -i + 3 + 43 = -2*u, -5*i + 2*u = -270. Let r(l) = 2*l**3 - 27*l - 12. Let f be r(4). Calculate the greatest common factor of i and f.
8
Let h = 174 + -48. Suppose 59 = -10*p + 419. What is the greatest common divisor of h and p?
18
Let w = -19 + 19. Suppose w = 3*n + 93 - 246. Let f be (169 - (0 + -1))*9/18. What is the greatest common factor of n and f?
17
Let m be ((-304)/(-3))/(2/(-6) - -1). Let c = -65 + m. Calculate the greatest common divisor of 1131 and c.
87
Suppose 23 = -3*j + 29. Suppose -j*x - 3*g = -22 - 38, 148 = 4*x - g. What is the highest common factor of 24 and x?
12
Let s(z) = -5*z**2 - 132*z - 709. Let l be s(-8). Calculate the highest common factor of 5 and l.
1
Let o = 692 - -2856. Calculate the highest common factor of o and 4.
4
Suppose -590180 = -403*u - 11*u - 135608. What is the greatest common factor of u and 8?
2
Let o be 1 - 3 - -5 - -1. Suppose 4*s + 12 - 60 = 0. Suppose o = r + 3*b - 7, 2*b - s = -3*r. Calculate the highest common divisor of 16 and r.
2
Let r be (-6 - -3 - -55) + 6/(-2). Suppose -2*d = 3*t - 56, -2*t